{"id":6,"date":"2026-01-05T22:52:30","date_gmt":"2026-01-05T22:52:30","guid":{"rendered":"https:\/\/www.system-ready.com.mx\/?page_id=6"},"modified":"2026-01-27T10:57:33","modified_gmt":"2026-01-27T16:57:33","slug":"home","status":"publish","type":"page","link":"https:\/\/www.system-ready.com.mx\/","title":{"rendered":"Home"},"content":{"rendered":"<p>[et_pb_section fb_built=&#8221;1&#8243; custom_padding_last_edited=&#8221;on|tablet&#8221; admin_label=&#8221;Header&#8221; _builder_version=&#8221;4.27.4&#8243; _module_preset=&#8221;b1a0a427-ec6a-4693-a027-5fb8c5a01c86&#8243; custom_padding=&#8221;||400px||false|false&#8221; custom_padding_tablet=&#8221;||32vw||false|false&#8221; custom_padding_phone=&#8221;||32vw||false|false&#8221; locked=&#8221;off&#8221; collapsed=&#8221;on&#8221; global_colors_info=&#8221;{}&#8221;][et_pb_row _builder_version=&#8221;4.27.4&#8243; _module_preset=&#8221;default&#8221; max_width=&#8221;900px&#8221; custom_margin_last_edited=&#8221;off|tablet&#8221; custom_padding=&#8221;||||false|false&#8221; global_colors_info=&#8221;{}&#8221;][et_pb_column type=&#8221;4_4&#8243; _builder_version=&#8221;4.27.4&#8243; _module_preset=&#8221;default&#8221; global_colors_info=&#8221;{}&#8221;][et_pb_heading title=&#8221;Siente la diferencia&#8221; _builder_version=&#8221;4.27.5&#8243; _module_preset=&#8221;c38e2cf2-7a3e-44c2-83eb-8e65ec60281f&#8221; title_text_align=&#8221;center&#8221; title_text_color=&#8221;#FFFFFF&#8221; global_colors_info=&#8221;{}&#8221;][\/et_pb_heading][et_pb_heading title=&#8221;Servidores y Redes administradas&#8221; _builder_version=&#8221;4.27.5&#8243; _module_preset=&#8221;7f01cdaa-9ab5-416e-82f0-05f8d604c7d7&#8243; title_font=&#8221;||||||||&#8221; title_text_align=&#8221;center&#8221; title_text_color=&#8221;#FFFFFF&#8221; custom_margin_tablet=&#8221;||30px||false|false&#8221; custom_margin_phone=&#8221;||30px||false|false&#8221; custom_margin_last_edited=&#8221;on|tablet&#8221; global_colors_info=&#8221;{}&#8221;][\/et_pb_heading][et_pb_button button_url=&#8221;@ET-DC@eyJkeW5hbWljIjp0cnVlLCJjb250ZW50IjoicG9zdF9saW5rX3VybF9wYWdlIiwic2V0dGluZ3MiOnsicG9zdF9pZCI6IjEwIn19@&#8221; button_text=&#8221;Inicia el cambio hoy&#8221; button_alignment=&#8221;center&#8221; _builder_version=&#8221;4.27.5&#8243; _dynamic_attributes=&#8221;button_url&#8221; _module_preset=&#8221;a753a4d3-541c-4975-9c45-dc691f236c20&#8243; global_colors_info=&#8221;{}&#8221;][\/et_pb_button][\/et_pb_column][\/et_pb_row][\/et_pb_section][et_pb_section fb_built=&#8221;1&#8243; admin_label=&#8221;Dashboard&#8221; _builder_version=&#8221;4.27.5&#8243; _module_preset=&#8221;default&#8221; background_color=&#8221;#FFFFFF&#8221; custom_padding=&#8221;1px||||false|false&#8221; locked=&#8221;off&#8221; collapsed=&#8221;on&#8221; global_colors_info=&#8221;{}&#8221;][et_pb_row _builder_version=&#8221;4.27.4&#8243; _module_preset=&#8221;default&#8221; custom_margin=&#8221;-400px||||false|false&#8221; custom_margin_tablet=&#8221;-32vw||||false|false&#8221; custom_margin_phone=&#8221;-32vw||||false|false&#8221; custom_margin_last_edited=&#8221;on|tablet&#8221; custom_padding=&#8221;||||false|false&#8221; global_colors_info=&#8221;{}&#8221;][et_pb_column type=&#8221;4_4&#8243; _builder_version=&#8221;4.27.4&#8243; _module_preset=&#8221;default&#8221; global_colors_info=&#8221;{}&#8221;][et_pb_video src=&#8221;https:\/\/www.system-ready.com.mx\/wp-content\/uploads\/2026\/01\/\u00bfQuie\u0301n-se-conecta-\u00bfA-que\u0301-accede-1.mp4&#8243; play_icon_color=&#8221;#FFFFFF&#8221; font_icon=&#8221;&#x49;||divi||400&#8243; thumbnail_overlay_color=&#8221;#000000&#8243; module_class=&#8221;muted-video-bg&#8221; _builder_version=&#8221;4.27.5&#8243; _module_preset=&#8221;default&#8221; width=&#8221;84%&#8221; max_width=&#8221;890%&#8221; module_alignment=&#8221;center&#8221; custom_margin=&#8221;||0px||false|false&#8221; hover_enabled=&#8221;0&#8243; border_radii=&#8221;off|10px|10px|0px|0px&#8221; border_width_all=&#8221;10px&#8221; border_color_all=&#8221;#000000&#8243; global_colors_info=&#8221;{}&#8221; title_text=&#8221;\u00bfQuie\u0301n se conecta \u00bfA que\u0301 accede (1)&#8221; sticky_enabled=&#8221;0&#8243;][\/et_pb_video][et_pb_divider show_divider=&#8221;off&#8221; _builder_version=&#8221;4.27.4&#8243; _module_preset=&#8221;default&#8221; use_background_color_gradient=&#8221;on&#8221; background_color_gradient_direction=&#8221;90deg&#8221; background_color_gradient_stops=&#8221;#737373 0%|#d9d9d9 1%|#919191 3%|#e3e3e3 9%|#e3e3e3 91%|#919191 97%|#d9d9d9 99%|#737373 100%&#8221; height=&#8221;32px&#8221; height_tablet=&#8221;14px&#8221; height_phone=&#8221;10px&#8221; height_last_edited=&#8221;on|phone&#8221; border_radii=&#8221;off|||10px|10px&#8221; border_radii_tablet=&#8221;off|||8px|8px&#8221; border_radii_phone=&#8221;off|||5px|5px&#8221; border_radii_last_edited=&#8221;on|tablet&#8221; box_shadow_style=&#8221;preset7&#8243; box_shadow_horizontal=&#8221;0px&#8221; box_shadow_vertical=&#8221;-10px&#8221; box_shadow_blur=&#8221;11px&#8221; box_shadow_color=&#8221;rgba(0,0,0,0.5)&#8221; global_colors_info=&#8221;{}&#8221;][\/et_pb_divider][\/et_pb_column][\/et_pb_row][\/et_pb_section][et_pb_section fb_built=&#8221;1&#8243; _builder_version=&#8221;4.27.5&#8243; _module_preset=&#8221;default&#8221; background_color=&#8221;#FFFFFF&#8221; background_enable_image=&#8221;off&#8221; parallax=&#8221;on&#8221; global_colors_info=&#8221;{}&#8221;][et_pb_row _builder_version=&#8221;4.27.5&#8243; _module_preset=&#8221;default&#8221; global_colors_info=&#8221;{}&#8221;][et_pb_column type=&#8221;4_4&#8243; _builder_version=&#8221;4.27.5&#8243; _module_preset=&#8221;default&#8221; global_colors_info=&#8221;{}&#8221;][et_pb_cta title=&#8221;Servidores Administrados&#8221; button_text=&#8221;Click Here&#8221; _builder_version=&#8221;4.27.5&#8243; _module_preset=&#8221;default&#8221; header_text_color=&#8221;#8300E9&#8243; animation_style=&#8221;slide&#8221; global_colors_info=&#8221;{}&#8221;]<\/p>\n<p><strong>Un servidor es tan resistente y funcional como la infraestructura que lo sostiene.<\/strong><\/p>\n<p>Nuestra oferta cloud incluye todo: Energ\u00eda redundante, climatizaci\u00f3n, seguridad f\u00edsica, conectividad de red e Internet, Monitoreo y por supuesto: Tus servidores con todo el poder que necesitar\u00e1s.<\/p>\n<p>&nbsp;<\/p>\n<p>[\/et_pb_cta][et_pb_button button_url=&#8221;@ET-DC@eyJkeW5hbWljIjp0cnVlLCJjb250ZW50IjoicG9zdF9saW5rX3VybF9wYWdlIiwic2V0dGluZ3MiOnsicG9zdF9pZCI6IjE4NiJ9fQ==@&#8221; button_text=&#8221;Saber m\u00e1s&#8221; button_alignment=&#8221;center&#8221; _builder_version=&#8221;4.27.5&#8243; _dynamic_attributes=&#8221;button_url&#8221; _module_preset=&#8221;default&#8221; button_bg_color=&#8221;#8300E9&#8243; global_colors_info=&#8221;{}&#8221;][\/et_pb_button][\/et_pb_column][\/et_pb_row][et_pb_row _builder_version=&#8221;4.27.5&#8243; _module_preset=&#8221;default&#8221; global_colors_info=&#8221;{}&#8221;][et_pb_column type=&#8221;4_4&#8243; _builder_version=&#8221;4.27.5&#8243; _module_preset=&#8221;default&#8221; global_colors_info=&#8221;{}&#8221;][et_pb_image src=&#8221;https:\/\/www.system-ready.com.mx\/wp-content\/uploads\/2026\/01\/DL360G12.jpg&#8221; title_text=&#8221;DL360G12&#8243; _builder_version=&#8221;4.27.5&#8243; _module_preset=&#8221;default&#8221; global_colors_info=&#8221;{}&#8221;][\/et_pb_image][\/et_pb_column][\/et_pb_row][\/et_pb_section][et_pb_section fb_built=&#8221;1&#8243; _builder_version=&#8221;4.27.5&#8243; _module_preset=&#8221;default&#8221; background_color=&#8221;#FFFFFF&#8221; global_colors_info=&#8221;{}&#8221;][\/et_pb_section][et_pb_section fb_built=&#8221;1&#8243; admin_label=&#8221;Services&#8221; _builder_version=&#8221;4.27.5&#8243; _module_preset=&#8221;default&#8221; background_color=&#8221;#FFFFFF&#8221; collapsed=&#8221;on&#8221; global_colors_info=&#8221;{}&#8221;][et_pb_row column_structure=&#8221;1_3,1_3,1_3&#8243; use_custom_gutter=&#8221;on&#8221; gutter_width=&#8221;2&#8243; make_equal=&#8221;on&#8221; custom_padding_last_edited=&#8221;on|tablet&#8221; _builder_version=&#8221;4.27.4&#8243; _module_preset=&#8221;default&#8221; custom_padding=&#8221;||10px||false|false&#8221; custom_padding_tablet=&#8221;||0px||false|false&#8221; custom_padding_phone=&#8221;||0px||false|false&#8221; global_colors_info=&#8221;{}&#8221;][et_pb_column type=&#8221;1_3&#8243; _builder_version=&#8221;4.27.4&#8243; _module_preset=&#8221;4580510c-87ea-401d-b711-0c7a9f89841c&#8221; global_colors_info=&#8221;{}&#8221;][et_pb_blurb title=&#8221;Equipo robusto&#8221; use_icon=&#8221;on&#8221; font_icon=&#8221;&#xf233;||fa||900&#8243; icon_placement=&#8221;top&#8221; _builder_version=&#8221;4.27.5&#8243; _module_preset=&#8221;390b8089-8eec-4e69-a43f-d8a392b0b68c&#8221; background_color=&#8221;RGBA(255,255,255,0)&#8221; custom_margin=&#8221;||20px||false|false&#8221; global_colors_info=&#8221;{}&#8221;]<\/p>\n<p>Dile adios a la infraestructura casera o de poca fiabilidad, tu servidores y redes estar\u00e1n preparados para cualquier desaf\u00edo.<\/p>\n<p>[\/et_pb_blurb][et_pb_button button_text=&#8221;Learn More&#8221; _builder_version=&#8221;4.27.4&#8243; _module_preset=&#8221;6a536e91-ea8a-415f-b139-fb0c70b8f3b1&#8243; global_colors_info=&#8221;{}&#8221;][\/et_pb_button][\/et_pb_column][et_pb_column type=&#8221;1_3&#8243; _builder_version=&#8221;4.27.4&#8243; _module_preset=&#8221;4580510c-87ea-401d-b711-0c7a9f89841c&#8221; global_colors_info=&#8221;{}&#8221;][et_pb_blurb title=&#8221;Gesti\u00f3n y Soporte&#8221; use_icon=&#8221;on&#8221; font_icon=&#8221;&#xf470;||fa||900&#8243; icon_placement=&#8221;top&#8221; _builder_version=&#8221;4.27.5&#8243; _module_preset=&#8221;390b8089-8eec-4e69-a43f-d8a392b0b68c&#8221; custom_margin=&#8221;||20px||false|false&#8221; global_colors_info=&#8221;{}&#8221;]<\/p>\n<p>Menor riesgo y costo al contar con un personal continuamente capacitado para que tu infraestructura rinda al m\u00e1ximo.<\/p>\n<p>[\/et_pb_blurb][et_pb_button button_text=&#8221;Learn More&#8221; _builder_version=&#8221;4.27.4&#8243; _module_preset=&#8221;6a536e91-ea8a-415f-b139-fb0c70b8f3b1&#8243; global_colors_info=&#8221;{}&#8221;][\/et_pb_button][\/et_pb_column][et_pb_column type=&#8221;1_3&#8243; _builder_version=&#8221;4.27.4&#8243; _module_preset=&#8221;4580510c-87ea-401d-b711-0c7a9f89841c&#8221; global_colors_info=&#8221;{}&#8221;][et_pb_blurb title=&#8221;Herramientas avanzadas&#8221; use_icon=&#8221;on&#8221; font_icon=&#8221;&#xe035;||divi||400&#8243; icon_placement=&#8221;top&#8221; _builder_version=&#8221;4.27.5&#8243; _module_preset=&#8221;390b8089-8eec-4e69-a43f-d8a392b0b68c&#8221; custom_margin=&#8221;||20px||false|false&#8221; global_colors_info=&#8221;{}&#8221;]<\/p>\n<p>Siente el control que te da el contar con las herramientas adecuadas para mantener y mejorar tu infraestructura.<\/p>\n<p>[\/et_pb_blurb][et_pb_button button_text=&#8221;Learn More&#8221; _builder_version=&#8221;4.27.4&#8243; _module_preset=&#8221;6a536e91-ea8a-415f-b139-fb0c70b8f3b1&#8243; global_colors_info=&#8221;{}&#8221;][\/et_pb_button][\/et_pb_column][\/et_pb_row][et_pb_row column_structure=&#8221;1_3,1_3,1_3&#8243; use_custom_gutter=&#8221;on&#8221; gutter_width=&#8221;2&#8243; make_equal=&#8221;on&#8221; custom_padding_last_edited=&#8221;on|tablet&#8221; _builder_version=&#8221;4.27.4&#8243; _module_preset=&#8221;default&#8221; custom_padding=&#8221;||10px||false|false&#8221; custom_padding_tablet=&#8221;||0px||false|false&#8221; custom_padding_phone=&#8221;||0px||false|false&#8221; global_colors_info=&#8221;{}&#8221;][et_pb_column type=&#8221;1_3&#8243; _builder_version=&#8221;4.27.4&#8243; _module_preset=&#8221;4580510c-87ea-401d-b711-0c7a9f89841c&#8221; global_colors_info=&#8221;{}&#8221;][et_pb_blurb title=&#8221;Pago como servicio&#8221; use_icon=&#8221;on&#8221; font_icon=&#8221;&#xf555;||fa||900&#8243; icon_placement=&#8221;top&#8221; _builder_version=&#8221;4.27.5&#8243; _module_preset=&#8221;390b8089-8eec-4e69-a43f-d8a392b0b68c&#8221; custom_margin=&#8221;||20px||false|false&#8221; global_colors_info=&#8221;{}&#8221;]<\/p>\n<p>Logra ahorros significativos reduciendo time-to-market y carga fiscal mientras obtienes servicios administrados.<\/p>\n<p>[\/et_pb_blurb][et_pb_button button_text=&#8221;Learn More&#8221; _builder_version=&#8221;4.27.4&#8243; _module_preset=&#8221;6a536e91-ea8a-415f-b139-fb0c70b8f3b1&#8243; global_colors_info=&#8221;{}&#8221;][\/et_pb_button][\/et_pb_column][et_pb_column type=&#8221;1_3&#8243; _builder_version=&#8221;4.27.4&#8243; _module_preset=&#8221;4580510c-87ea-401d-b711-0c7a9f89841c&#8221; global_colors_info=&#8221;{}&#8221;][et_pb_blurb title=&#8221;Procesos probados&#8221; use_icon=&#8221;on&#8221; font_icon=&#8221;&#xf085;||fa||900&#8243; icon_placement=&#8221;top&#8221; _builder_version=&#8221;4.27.5&#8243; _module_preset=&#8221;390b8089-8eec-4e69-a43f-d8a392b0b68c&#8221; custom_margin=&#8221;||20px||false|false&#8221; global_colors_info=&#8221;{}&#8221;]<\/p>\n<p>La continua exposicion a desaf\u00edos con multiples clientes nos han hecho afilar nuestras capacidades y procesos, brindandote el beneficio desde el inicio.<\/p>\n<p>[\/et_pb_blurb][et_pb_button button_text=&#8221;Learn More&#8221; _builder_version=&#8221;4.27.4&#8243; _module_preset=&#8221;6a536e91-ea8a-415f-b139-fb0c70b8f3b1&#8243; global_colors_info=&#8221;{}&#8221;][\/et_pb_button][\/et_pb_column][et_pb_column type=&#8221;1_3&#8243; _builder_version=&#8221;4.27.4&#8243; _module_preset=&#8221;4580510c-87ea-401d-b711-0c7a9f89841c&#8221; global_colors_info=&#8221;{}&#8221;][et_pb_blurb title=&#8221;Informes detallados y analiticos&#8221; use_icon=&#8221;on&#8221; font_icon=&#8221;&#xf11e;||fa||900&#8243; icon_placement=&#8221;top&#8221; _builder_version=&#8221;4.27.5&#8243; _module_preset=&#8221;390b8089-8eec-4e69-a43f-d8a392b0b68c&#8221; custom_margin=&#8221;||20px||false|false&#8221; global_colors_info=&#8221;{}&#8221;]<\/p>\n<p>Obten valor de tus datos, los informes te permitir\u00e1n planear tu siguiente movimiento.<\/p>\n<p>[\/et_pb_blurb][et_pb_button button_text=&#8221;Learn More&#8221; _builder_version=&#8221;4.27.4&#8243; _module_preset=&#8221;6a536e91-ea8a-415f-b139-fb0c70b8f3b1&#8243; global_colors_info=&#8221;{}&#8221;][\/et_pb_button][\/et_pb_column][\/et_pb_row][\/et_pb_section][et_pb_section fb_built=&#8221;1&#8243; admin_label=&#8221;Features&#8221; _builder_version=&#8221;4.27.5&#8243; _module_preset=&#8221;default&#8221; background_color=&#8221;#FFFFFF&#8221; collapsed=&#8221;on&#8221; global_colors_info=&#8221;{}&#8221;][et_pb_row column_structure=&#8221;1_2,1_2&#8243; _builder_version=&#8221;4.27.4&#8243; _module_preset=&#8221;default&#8221; global_colors_info=&#8221;{}&#8221;][et_pb_column type=&#8221;1_2&#8243; _builder_version=&#8221;4.27.4&#8243; _module_preset=&#8221;3860b6a1-3b20-492d-8fb1-2a5d4594cd4d&#8221; global_colors_info=&#8221;{%22gcid-secondary-color%22:%91%22background_mask_color%22%93}&#8221;][et_pb_image src=&#8221;https:\/\/www.system-ready.com.mx\/wp-content\/uploads\/2026\/01\/NetStatus.png&#8221; title_text=&#8221;NetStatus&#8221; _builder_version=&#8221;4.27.5&#8243; _module_preset=&#8221;2fe2f521-f6fb-47d6-82d1-4c22d3724ad9&#8243; width=&#8221;100%&#8221; max_width=&#8221;480%&#8221; module_alignment=&#8221;center&#8221; scroll_vertical_motion_enable=&#8221;on&#8221; scroll_vertical_motion=&#8221;0|50|50|100|1|0|-1&#8243; box_shadow_style=&#8221;preset3&#8243; box_shadow_vertical=&#8221;62px&#8221; box_shadow_blur=&#8221;58px&#8221; box_shadow_color=&#8221;rgba(0,0,0,0.5)&#8221; global_colors_info=&#8221;{}&#8221;][\/et_pb_image][\/et_pb_column][et_pb_column type=&#8221;1_2&#8243; _builder_version=&#8221;4.27.4&#8243; _module_preset=&#8221;default&#8221; custom_padding=&#8221;60px|60px|60px|60px|true|true&#8221; custom_padding_tablet=&#8221;0px|0px|0px|0px|true|true&#8221; custom_padding_phone=&#8221;0px||||false|false&#8221; custom_padding_last_edited=&#8221;on|desktop&#8221; global_colors_info=&#8221;{}&#8221;][et_pb_heading title=&#8221;Redes Administradas&#8221; _builder_version=&#8221;4.27.5&#8243; _module_preset=&#8221;8155a38b-7bfa-4330-9d55-671586ceddc7&#8243; global_colors_info=&#8221;{}&#8221;][\/et_pb_heading][et_pb_blurb title=&#8221;Control Total&#8221; use_icon=&#8221;on&#8221; font_icon=&#8221;&#xf502;||fa||900&#8243; image_icon_width=&#8221;16px&#8221; _builder_version=&#8221;4.27.5&#8243; _module_preset=&#8221;390b8089-8eec-4e69-a43f-d8a392b0b68c&#8221; image_icon_custom_padding=&#8221;8px|8px|8px|8px|true|true&#8221; custom_margin=&#8221;||20px||false|false&#8221; custom_padding=&#8221;20px||||false|false&#8221; border_color_all=&#8221;gcid-4858a321-2a4a-428a-8acd-2e148a3ce7e4&#8243; border_width_top=&#8221;1px&#8221; global_colors_info=&#8221;{%22gcid-primary-color%22:%91%22body_quote_text_color%22,%22image_icon_background_color%22,%22body_quote_text_color%22,%22image_icon_background_color%22,%22body_quote_text_color%22,%22image_icon_background_color%22,%22body_quote_text_color%22,%22image_icon_background_color%22,%22body_quote_text_color%22,%22image_icon_background_color%22%93,%22gcid-4858a321-2a4a-428a-8acd-2e148a3ce7e4%22:%91%22border_color_all%22%93,%22gcid-00af8519-940d-4f62-84af-484aba407c29%22:%91%22border_color_all%22%93}&#8221;]<\/p>\n<p>Validaci\u00f3n de quien se conecta, desde que dispositivo y en que condiciones para mayor seguridad. Otorga acceso con base en directivas.<\/p>\n<p>[\/et_pb_blurb][et_pb_blurb title=&#8221;Visibilidad&#8221; use_icon=&#8221;on&#8221; font_icon=&#8221;&#xf812;||fa||900&#8243; image_icon_width=&#8221;16px&#8221; _builder_version=&#8221;4.27.5&#8243; _module_preset=&#8221;390b8089-8eec-4e69-a43f-d8a392b0b68c&#8221; image_icon_custom_padding=&#8221;8px|8px|8px|8px|true|true&#8221; custom_margin=&#8221;||20px||false|false&#8221; custom_padding=&#8221;20px||||false|false&#8221; border_color_all=&#8221;gcid-4858a321-2a4a-428a-8acd-2e148a3ce7e4&#8243; border_width_top=&#8221;1px&#8221; global_colors_info=&#8221;{%22gcid-primary-color%22:%91%22body_quote_text_color%22,%22image_icon_background_color%22,%22body_quote_text_color%22,%22image_icon_background_color%22,%22body_quote_text_color%22,%22image_icon_background_color%22%93,%22gcid-4858a321-2a4a-428a-8acd-2e148a3ce7e4%22:%91%22border_color_all%22%93}&#8221;]<\/p>\n<p>Conoce en todo momento los signos vitales de tu red: Clientes conectados, consumos, protocolos. Te permite tomar acci\u00f3n oportunamente.<\/p>\n<p>[\/et_pb_blurb][et_pb_blurb title=&#8221;Resiliencia&#8221; use_icon=&#8221;on&#8221; font_icon=&#8221;&#xf44b;||fa||900&#8243; image_icon_width=&#8221;16px&#8221; _builder_version=&#8221;4.27.5&#8243; _module_preset=&#8221;390b8089-8eec-4e69-a43f-d8a392b0b68c&#8221; image_icon_custom_padding=&#8221;8px|8px|8px|8px|true|true&#8221; custom_margin=&#8221;||20px||false|false&#8221; custom_padding=&#8221;20px||||false|false&#8221; border_color_all=&#8221;gcid-4858a321-2a4a-428a-8acd-2e148a3ce7e4&#8243; border_width_top=&#8221;1px&#8221; global_colors_info=&#8221;{%22gcid-primary-color%22:%91%22body_quote_text_color%22,%22image_icon_background_color%22,%22body_quote_text_color%22,%22image_icon_background_color%22,%22body_quote_text_color%22,%22image_icon_background_color%22,%22body_quote_text_color%22,%22image_icon_background_color%22,%22body_quote_text_color%22,%22image_icon_background_color%22%93,%22gcid-4858a321-2a4a-428a-8acd-2e148a3ce7e4%22:%91%22border_color_all%22%93,%22gcid-00af8519-940d-4f62-84af-484aba407c29%22:%91%22border_color_all%22%93}&#8221;]<\/p>\n<p>La red a prueba de fallas, se adapta a las condiciones y tolera fallos de distintos componentes para que siempre seas productivo.<\/p>\n<p>[\/et_pb_blurb][et_pb_button button_text=&#8221;Saber m\u00e1s&#8221; button_alignment=&#8221;center&#8221; _builder_version=&#8221;4.27.5&#8243; _module_preset=&#8221;d8de86d8-362a-4df7-8734-a7ccece502a6&#8243; button_bg_color=&#8221;#0C71C3&#8243; custom_margin=&#8221;30px||||false|false&#8221; global_colors_info=&#8221;{}&#8221;][\/et_pb_button][\/et_pb_column][\/et_pb_row][\/et_pb_section][et_pb_section fb_built=&#8221;1&#8243; admin_label=&#8221;Pricing&#8221; _builder_version=&#8221;4.27.5&#8243; _module_preset=&#8221;default&#8221; background_color=&#8221;#FFFFFF&#8221; collapsed=&#8221;on&#8221; global_colors_info=&#8221;{}&#8221;][\/et_pb_section][et_pb_section fb_built=&#8221;1&#8243; admin_label=&#8221;Testimonials&#8221; _builder_version=&#8221;4.27.5&#8243; _module_preset=&#8221;default&#8221; background_color=&#8221;#FFFFFF&#8221; collapsed=&#8221;on&#8221; global_colors_info=&#8221;{}&#8221;][et_pb_row column_structure=&#8221;1_2,1_2&#8243; _builder_version=&#8221;4.27.4&#8243; _module_preset=&#8221;default&#8221; global_colors_info=&#8221;{}&#8221;][et_pb_column type=&#8221;1_2&#8243; _builder_version=&#8221;4.27.4&#8243; _module_preset=&#8221;default&#8221; global_colors_info=&#8221;{}&#8221;][et_pb_heading title=&#8221;Nuestros clientes&#8221; _builder_version=&#8221;4.27.5&#8243; _module_preset=&#8221;c38e2cf2-7a3e-44c2-83eb-8e65ec60281f&#8221; title_text_color=&#8221;gcid-primary-color&#8221; global_colors_info=&#8221;{%22gcid-primary-color%22:%91%22title_text_color%22%93}&#8221;][\/et_pb_heading][et_pb_heading title=&#8221;Testimoniales&#8221; _builder_version=&#8221;4.27.5&#8243; _module_preset=&#8221;f33c1a81-dab5-4ab2-9a87-5e11300eb4bc&#8221; global_colors_info=&#8221;{}&#8221;][\/et_pb_heading][et_pb_text _builder_version=&#8221;4.27.5&#8243; _module_preset=&#8221;default&#8221; global_colors_info=&#8221;{}&#8221;]<\/p>\n<p>Los clientes satisfechos y su experiencia con nuestros servicios son prueba de que con esfuerzo, inteligencia e inversi\u00f3n se pueden lograr grandes cosas.<\/p>\n<p>[\/et_pb_text][\/et_pb_column][et_pb_column type=&#8221;1_2&#8243; _builder_version=&#8221;4.27.4&#8243; _module_preset=&#8221;4580510c-87ea-401d-b711-0c7a9f89841c&#8221; custom_padding=&#8221;0px|0px|0px|0px|true|true&#8221; custom_padding_last_edited=&#8221;off|desktop&#8221; global_colors_info=&#8221;{}&#8221;][et_pb_slider show_arrows=&#8221;off&#8221; _builder_version=&#8221;4.27.5&#8243; _module_preset=&#8221;91424b91-6777-4fb5-b338-065388d9b599&#8243; header_font_size=&#8221;24px&#8221; header_line_height=&#8221;1.6em&#8221; text_orientation=&#8221;left&#8221; custom_padding=&#8221;30px|0px|60px|0px|false|true&#8221; auto=&#8221;on&#8221; header_font_size_tablet=&#8221;20px&#8221; header_font_size_phone=&#8221;17px&#8221; custom_css_slide_controllers=&#8221;text-align: left;||padding-left: 6%;&#8221; global_colors_info=&#8221;{}&#8221;][et_pb_slide heading=&#8221;%22La red que nos implement\u00f3 System Ready nos permite controlar quien esta conectado, no mas fuga de ancho de banda!&#8221; _builder_version=&#8221;4.27.5&#8243; _module_preset=&#8221;default&#8221; global_colors_info=&#8221;{}&#8221; sticky_transition=&#8221;on&#8221;]<\/p>\n<p>\u2013 Abel R. &#8211; Director de TI<\/p>\n<p>[\/et_pb_slide][et_pb_slide heading=&#8221;%22Logramos el cumplimiento PCI-DSS de la red y ahora la CNBV nos ha subido el status de cuplimiento&#8221; _builder_version=&#8221;4.27.5&#8243; _module_preset=&#8221;default&#8221; global_colors_info=&#8221;{}&#8221; sticky_transition=&#8221;on&#8221;]<\/p>\n<p>\u2013 Juan Z. Gerente de Redes Q<\/p>\n<p>[\/et_pb_slide][\/et_pb_slider][\/et_pb_column][\/et_pb_row][\/et_pb_section]<\/p>\n","protected":false},"excerpt":{"rendered":"<p>Un servidor es tan resistente y funcional como la infraestructura que lo sostiene. Nuestra oferta cloud incluye todo: Energ\u00eda redundante, climatizaci\u00f3n, seguridad f\u00edsica, conectividad de red e Internet, Monitoreo y por supuesto: Tus servidores con todo el poder que necesitar\u00e1s. &nbsp;Dile adios a la infraestructura casera o de poca fiabilidad, tu servidores y redes estar\u00e1n [&hellip;]<\/p>\n","protected":false},"author":1,"featured_media":0,"parent":0,"menu_order":0,"comment_status":"closed","ping_status":"closed","template":"","meta":{"_et_pb_use_builder":"on","_et_pb_old_content":"","_et_gb_content_width":"","footnotes":""},"class_list":["post-6","page","type-page","status-publish","hentry"],"_links":{"self":[{"href":"https:\/\/www.system-ready.com.mx\/index.php?rest_route=\/wp\/v2\/pages\/6","targetHints":{"allow":["GET"]}}],"collection":[{"href":"https:\/\/www.system-ready.com.mx\/index.php?rest_route=\/wp\/v2\/pages"}],"about":[{"href":"https:\/\/www.system-ready.com.mx\/index.php?rest_route=\/wp\/v2\/types\/page"}],"author":[{"embeddable":true,"href":"https:\/\/www.system-ready.com.mx\/index.php?rest_route=\/wp\/v2\/users\/1"}],"replies":[{"embeddable":true,"href":"https:\/\/www.system-ready.com.mx\/index.php?rest_route=%2Fwp%2Fv2%2Fcomments&post=6"}],"version-history":[{"count":56,"href":"https:\/\/www.system-ready.com.mx\/index.php?rest_route=\/wp\/v2\/pages\/6\/revisions"}],"predecessor-version":[{"id":353,"href":"https:\/\/www.system-ready.com.mx\/index.php?rest_route=\/wp\/v2\/pages\/6\/revisions\/353"}],"wp:attachment":[{"href":"https:\/\/www.system-ready.com.mx\/index.php?rest_route=%2Fwp%2Fv2%2Fmedia&parent=6"}],"curies":[{"name":"wp","href":"https:\/\/api.w.org\/{rel}","templated":true}]}}